, r + 1073 = 5*r - 5*k. Is r a prime number?
False
Is (-1*4/12)/((-13)/(-12 + 39356745)) prime?
False
Let w = -5939 + 27600. Is w prime?
True
Suppose 3*u + 37492 = -10*u. Let p = 4611 + u. Is p composite?
True
Let k be 141/27 + 0 - 16/72. Suppose 8*w + 24935 = k*y + 3*w, -5*w = 0. Is y prime?
True
Suppose 0 = -g - 2*h + 4048, -4*g + 2*g = -5*h - 8051. Suppose -8*c + g = -74. Let m = -345 + c. Is m a composite number?
True
Let n = 48798 - 20039. Is n a composite number?
False
Let t be 0 + (-3)/(-3) - (6 - 5). Suppose -c + t*x + 3*x = -2, 2*c + x = 4. Suppose 0 = -w - 2, n - c*w = 326 + 469. Is n a prime number?
False
Suppose -9 = -5*g - 4*m, -g + 3*m - 2*m = 0. Suppose -2*a + d = -1, 4*a - 4*d - g = 3. Suppose a = -q + 13 + 18. Is q a prime number?
True
Let b(z) = 104*z**2 - 518*z + 1033. Is b(2) a prime number?
False
Suppose 5*z - 110 = -0*z + g, 4*z - 117 = -5*g. Suppose -k + j - z = 0, j = -0 + 5. Is 4092/k*(3/(-2) - 0) composite?
True
Let w = -189397 + 415676. Is w prime?
False
Suppose -4*x + 12 - 20 = 0. Let u be x*27/4*596/(-6). Suppose -5*n = -4*m + u, 0 = -4*m - 5*n + 1662 - 371. Is m a prime number?
False
Let h(g) = g**2 - 43*g + 473141. Is h(0) prime?
True
Let o(l) = -l + 1. Let b be o(8). Let f be (-2)/b*(35 - 7). Suppose -2241 + 905 = -f*r. Is r a composite number?
False
Is 216476/2 - 1/((-1)/(-5)) composite?
False
Let b be -262*(4/18 - (-52)/(-72)). Suppose -8*i + 29 = -b. Suppose y = -2*y + v + 2717, 5*v - i = 0. Is y a prime number?
True
Suppose -4*w + 7*w = 33. Suppose -9 = 8*d - w*d. Suppose 0*b = m - 3*b - 697, -3*m + d*b + 2103 = 0. Is m a prime number?
False
Let n be (-12)/(-3)*1 + -1. Suppose 5*q = -n*l + 9430, 5*l = -0*q - 2*q + 3791. Is q composite?
True
Let b = 86 + -69. Suppose -5*o = -12 + b. Is 2862 + o + 9 + -7 a prime number?
False
Let c(h) be the first derivative of -416*h**2 - 41*h + 108. Is c(-19) a composite number?
False
Suppose -3*r + 1885966 = 5*y, y + r = 544914 - 167718. Is y a prime number?
False
Let i(r) = 2*r - 40. Let f be i(21). Suppose -3*q - f*q - 795 = -4*y, 0 = 4*q - 2*y + 636. Let x = q - -346. Is x composite?
True
Suppose 22*w + 263475 = 25*w + 3*b, -4*w = 2*b - 351308. Is w prime?
False
Let u(m) = m**3 + 46*m**2 + 117*m - 47. Is u(-42) a composite number?
True
Let v = -36346 + 275243. Is v composite?
False
Let c(w) = -67 + 2*w**3 + 74 + 18*w - 3*w**3 + 7*w**2. Let v = 15 - 6. Is c(v) composite?
False
Let a(k) = -k**2 - 8*k + 90. Let m be a(-8). Let y = 344 - m. Is y a prime number?
False
Let p(u) = -5*u**3 - 36*u**2 - 71*u + 85. Is p(-22) composite?
False
Let w(q) = -32*q + 74*q + 69 - 18*q + 30*q. Is w(16) a prime number?
False
Let o be 3 + 1 - ((5618 - 0) + 3). Let d = -2830 - o. Is d a prime number?
False
Let z = 3921 - -1801. Suppose 3*n = -4*u + 17199, -u - 4*u = n - z. Is n prime?
True
Let z = 35 - 29. Is (z/2 + -2)*1*397 composite?
False
Suppose 5*i = 2*v + 3*v - 535, 2*v - 230 = -2*i. Suppose 3*d + v = 1104. Is d a prime number?
True
Let z(o) = 176*o**3 - 2*o**2 - 26*o - 99. Is z(7) a composite number?
True
Suppose -924*w - 88 = -935*w. Let q(j) = 2*j**2 + 3*j + 26*j**2 + 9 + 13*j**2. Is q(w) composite?
False
Let g = 19174 - -58205. Is g a prime number?
False
Let s(p) = 48922*p**2 + 2*p - 13. Is s(2) prime?
False
Let z(u) = 4*u + 4. Let x be z(0). Suppose -4*q = 2*o, -5 = -3*o + x*q + 5. Let w(h) = 13*h**3 - 2*h**2 - h + 1. Is w(o) a composite number?
True
Suppose 0 = -l + 2*l - 4*h - 1033, h + 3121 = 3*l. Is (-7)/4*(-12 + 25 - l) a composite number?
True
Suppose -4*w + 52248 = 18772. Is w a prime number?
True
Let o(u) = 36*u**2 - 2*u + 1. Let y be o(3). Let t = -376 - -698. Let n = t + y. Is n prime?
True
Let j(r) = 996*r**2 + 285*r - 11696. Is j(37) a composite number?
True
Let s be 16/4 - 32*-1. Let i = s + 19. Suppose -56*o + 587 = -i*o. Is o composite?
False
Let a be (438 + 0)/((-34)/9707). Is 1/(a/(-20841) + -6) a prime number?
True
Let m(c) = 2*c**2 + 25*c + 32. Suppose 8 + 10 = 9*i. Suppose 0*n + n = 3*t - 8, -4*n + i*t - 62 = 0. Is m(n) a composite number?
True
Let p = -2963 + 1611. Let t = 2259 + p. Is t composite?
False
Suppose 25*g + 103935 - 391635 = 0. Let h = -6537 + g. Is h prime?
False
Suppose 2*h + 15*o - 440546 = 11*o, 8*h - 1762104 = 4*o. Is h a composite number?
True
Let d(u) be the third derivative of u**5/6 + 17*u**4/24 - 2*u**3/3 + 76*u**2. Is d(-11) a composite number?
False
Is ((-15)/(-162 - 18))/((-6)/(-22158648)) a composite number?
False
Let b = 351 + -373. Is 4/b - (-13931010)/330 a composite number?
True
Let j be ((-8726)/3)/(14/(-21)). Suppose 0 = 4*k - 5*f - 3163, -5*k = -4*f - j + 416. Is k a prime number?
True
Suppose 577058 = 50*j - 888792. Is j prime?
False
Let o = 22258 + -38757. Is (-12)/(-15)*-5 - o prime?
False
Suppose -i - 2*a = -6*i + 130, -5*i + 130 = 4*a. Let q = i - 23. Is (123/(-6))/(q/132*-2) composite?
True
Suppose 9*r - 742968 = -15*r. Suppose -9*n + 84606 - r = 0. Is n a prime number?
False
Let a(l) = l**3 - 55*l**2 - 75*l - 31. Let m be a(33). Let h = -15063 - m. Is h a prime number?
False
Suppose 0 = 3*a + 14*q - 9*q - 6814, -9090 = -4*a - 2*q. Suppose 0 = 2*s + a - 11343. Is s prime?
False
Let f(l) = l**2 - 2*l. Let k be f(-2). Let n = k - 12. Is (-2)/(n/(-1756)*-2) a prime number?
True
Let u be (-116)/290 + 165704/10. Suppose 0 = -11*w + w + u. Is w a prime number?
True
Let i be (11296/(-6))/(1/(-3)). Suppose 5*s - i = 4*s. Suppose s - 2135 = 3*v. Is v a composite number?
False
Suppose -60*s + 5649468 + 699072 = 0. Is s prime?
False
Let a = -215264 + 376107. Is a a prime number?
False
Let u = 1194864 - 839786. Is u a composite number?
True
Let t = -135 - -120. Is (-5)/t*1*9 + 3964 a composite number?
False
Let l = -977 - -166. Let t = l - -1208. Is t prime?
True
Suppose m = 3*m + 4*a - 7760, -4*m + 15500 = 4*a. Suppose -5*i - 5*t - m = 0, 903 + 633 = -2*i + 4*t. Is (-72)/(-16)*(-2)/3 - i a composite number?
False
Suppose u = -o + 113887, u - 340*o = -337*o + 113903. Is u prime?
True
Let i be (-8)/(-12) + (-180422)/(-33). Suppose -2083 = -9*r + i. Is r composite?
False
Let t(z) = -22 - 39721*z + 22. Let p be t(-1). Suppose -16*k - 5657 = -p. Is k composite?
False
Suppose 4*o = 5*w - 95201, -38*w - o + 114218 = -32*w. Is w a composite number?
False
Suppose 4*x + 3*d - 215659 = 150843, 2*d - 12 = 0. Is x prime?
True
Suppose -25*y + 28459 = -32*y + 167850. Is y prime?
True
Suppose 0 = -46*p + 10*p + 1260. Let o = p + 3099. Is o a prime number?
False
Let u = -437 + 351. Let z = u - -1423. Is z a prime number?
False
Suppose -2*n - 70174 = -3*o + 116639, -2*n - 311359 = -5*o. Is o a prime number?
True
Is (-342)/76 - (-65047)/2 a prime number?
False
Let z(v) = 6*v + 86. Let n be z(-11). Is 6/(-3*(n/165)/(-2)) prime?
False
Let n be ((-9)/4)/((-7)/196). Let o be ((-162)/n)/((-2)/((-2352)/(-9))). Let p = 479 + o. Is p a composite number?
True
Suppose 0 = -o - 2*i - 32 + 2, -5*i - 5 = 0. Let k(c) = -c**3 - 23*c**2 + 3*c - 195. Is k(o) a composite number?
True
Let n(q) = -5*q + 3. Suppose -7*c = 6*c - 39. Let m be ((-33)/11)/(c/8). Is n(m) a prime number?
True
Let i be 7 - (-6232)/(3 - -1). Suppose -2*m = 3*l - 781, -2*m - 5*l + i = 2*m. Is m a composite number?
True
Let d be 3/(-15) - (3 + (-21666)/30). Suppose -3*i = -3578 + d. Is i composite?
False
Suppose -8*s - 98 + 162 = 0. Suppose -12*j + s*j + 11588 = 0. Is j a prime number?
True
Let l(b) = 5*b**2 - 8*b + 1. Let z(y) = 0 + 7 - y - 4 - 4 - y**2. Let i(g) = -l(g) - 4*z(g). Is i(10) composite?
False
Is 6 - ((2 + 4)/((-8)/162076) - 4) a composite number?
True
Let g(v) = v - 1. Let z(d) = -5*d - 3. Let n(p) = 2*g(p) + z(p). Let k be n(-3). Suppose 7*o - 1243 = -k*o. Is o composite?
False
Suppose 28*l + 193500 = 40*l. Suppose -5*k - 16554 + 3637 = -4*o, 2*k + l = 5*o. Is o a prime number?
False
Suppose 5*d + 4017 = 4*q + 1244, -2*d + 3425 = 5*q. Is q + 2*(-14)/(-4) composite?
True
Let w be (10/4)/(235/376). Suppose -5*x + f + 7549 = 2994, 5*x + w*f - 4555 = 0. Is x a composite number?
False
Let v be 1/(-4) + 140/112 - -21. Suppose -v*s = -4487 - 13047. Is s composite?
False
Let i = 507 + -279. Suppose -i*h = -221*h - 92687. Is h a composite number?
False
Let q be 32403/(-42) + 6/4. Let o = q + 3223. Is o a composite number?
True
Is ((-34)/51)/((2 + -3)/((-1009563)/(-2))) composite?
False
L